{"id":157,"date":"2024-04-14T20:05:14","date_gmt":"2024-04-14T20:05:14","guid":{"rendered":"https:\/\/www.miniforest.fi\/sivut\/?page_id=157"},"modified":"2024-04-18T19:22:30","modified_gmt":"2024-04-18T19:22:30","slug":"mini-forest-2","status":"publish","type":"page","link":"https:\/\/www.miniforest.fi\/sivut\/","title":{"rendered":"Mini Forest"},"content":{"rendered":"\n<figure class=\"wp-block-image alignwide size-full\"><img loading=\"lazy\" decoding=\"async\" width=\"978\" height=\"511\" data-attachment-id=\"35\" data-permalink=\"https:\/\/www.miniforest.fi\/sivut\/nayttokuva-2019-3-21-kello-21-07-46\/\" data-orig-file=\"https:\/\/www.miniforest.fi\/sivut\/wp-content\/uploads\/2019\/03\/N\u00e4ytt\u00f6kuva-2019-3-21-kello-21.07.46.png\" data-orig-size=\"978,511\" data-comments-opened=\"1\" data-image-meta=\"{&quot;aperture&quot;:&quot;0&quot;,&quot;credit&quot;:&quot;&quot;,&quot;camera&quot;:&quot;&quot;,&quot;caption&quot;:&quot;&quot;,&quot;created_timestamp&quot;:&quot;0&quot;,&quot;copyright&quot;:&quot;&quot;,&quot;focal_length&quot;:&quot;0&quot;,&quot;iso&quot;:&quot;0&quot;,&quot;shutter_speed&quot;:&quot;0&quot;,&quot;title&quot;:&quot;&quot;,&quot;orientation&quot;:&quot;0&quot;}\" data-image-title=\"N\u00e4ytt\u00f6kuva 2019-3-21 kello 21.07.46\" data-image-description=\"\" data-image-caption=\"\" data-medium-file=\"https:\/\/www.miniforest.fi\/sivut\/wp-content\/uploads\/2019\/03\/N\u00e4ytt\u00f6kuva-2019-3-21-kello-21.07.46-300x157.png\" data-large-file=\"https:\/\/www.miniforest.fi\/sivut\/wp-content\/uploads\/2019\/03\/N\u00e4ytt\u00f6kuva-2019-3-21-kello-21.07.46.png\" src=\"https:\/\/www.miniforest.fi\/sivut\/wp-content\/uploads\/2019\/03\/N\u00e4ytt\u00f6kuva-2019-3-21-kello-21.07.46.png\" alt=\"\" class=\"wp-image-35\" srcset=\"https:\/\/www.miniforest.fi\/sivut\/wp-content\/uploads\/2019\/03\/N\u00e4ytt\u00f6kuva-2019-3-21-kello-21.07.46.png 978w, https:\/\/www.miniforest.fi\/sivut\/wp-content\/uploads\/2019\/03\/N\u00e4ytt\u00f6kuva-2019-3-21-kello-21.07.46-300x157.png 300w, https:\/\/www.miniforest.fi\/sivut\/wp-content\/uploads\/2019\/03\/N\u00e4ytt\u00f6kuva-2019-3-21-kello-21.07.46-768x401.png 768w\" sizes=\"auto, (max-width: 978px) 100vw, 978px\" \/><\/figure>\n\n\n\n<p><\/p>\n\n\n\n<p>Mini Forest on nuori 2017 perustettu yritys, mutta perustajat ovat jo seniori-ik\u00e4\u00e4n ehtineit\u00e4. Yrityksen perustaminen tuli tarpeelliseksi, kun onnistuimme kehitt\u00e4\u00e4n uuden menetelm\u00e4n mets\u00e4puutaimien istuttamiseen. Akkuteknologian ja akkuporakoneiden kehittyminen tekiv\u00e4t kehitysty\u00f6n mahdolliseksi. Muutos oli todella suuri, sill\u00e4 15 tonnin kaivinkoneen maanmuokkausty\u00f6 tuli tarpeettomaksi. Se korvautui akkuporakoneeseen kiinnitetyn maaporan k\u00e4yt\u00f6ll\u00e4. Muutos oli suuri, mutta niin oli yritt\u00e4jien pettymyskin &#8221;<strong>Suomen Mets\u00e4mafian<\/strong>&#8221; t\u00e4ydellisen tyrm\u00e4yksen johdosta. Menetelm\u00e4 ei kelvannut edes koek\u00e4ytt\u00f6\u00f6n. Mutta yksityiset mets\u00e4nomistajat kiinnostuivat ja heilt\u00e4 tullut palaute on ollut todella hyv\u00e4\u00e4 ja kannustavaa. Eik\u00e4 kysymyksess\u00e4 ole ollut ohimenev\u00e4 alkuinnostus, vaan vuosia jatkunut k\u00e4ytt\u00f6. Siit\u00e4 syyst\u00e4 toimintamme ja kehitysty\u00f6mme on jatkunut ja jatkuu edelleen, vaikka muutama &#8221;vuosilusto&#8221; onkin tullut lis\u00e4\u00e4, kuten metsiemme puihinkin.<\/p>\n\n\n\n<p><strong>Etujoukot ymp\u00e4ri Suomen ovat jo historiallisen ty\u00f6n tehneet ja hankkineet kokemuksia, joista Sin\u00e4kin p\u00e4\u00e4set nauttimaan, kun siirryt poraistutukseen.<\/strong><\/p>\n\n\n\n<blockquote class=\"wp-block-quote is-layout-flow wp-block-quote-is-layout-flow\">\n<p><strong>Vesa: <\/strong>Istutimme kuusentaimia 2019 hehtaarin aukkoon. Ty\u00f6 alkoi sujua puolentunnin harjoittelun j\u00e4lkeen varsin joutuisasti. Ensimm\u00e4inen vuosi kului taimien kasvua seuraten. Syksyll\u00e4 kiersimme koko alueen, hyv\u00e4lt\u00e4 n\u00e4ytti, vain muutama kuollut taimi l\u00f6ytyi. Varhaisperkaus oli helppo, kun taimen ymp\u00e4rill\u00e4 ei ollutkaan lehtipuu vesaikkoa, kuten aina ennen oli ollut. Nyt taimikko on komea ja korkeampi, kuin min\u00e4.<\/p>\n\n\n\n<p><strong>Samuli:<\/strong> Istutimme karuun ja oikein kivikkoiseen rinteeseen yksivuotiaita m\u00e4nnyntaimia 2022. Pora toimi h\u00e4mm\u00e4stytt\u00e4v\u00e4n hyvin. Ohjeen mukaan annoin ter\u00e4n py\u00f6ri\u00e4 2000 kierrosta minuutissa. Poralla oli ihmeellinen kyky hakeutua sellaiseen rakoon, johon reik\u00e4 syntyi ja taimen sai istutettua. Toistaiseksi sorkkael\u00e4imet ovat j\u00e4tt\u00e4neet taimet rauhaa.<\/p>\n\n\n\n<p><strong>Mikko: <\/strong>Olen positiivisesti yll\u00e4ttynyt, ett\u00e4 taimeni ovat kehittyneet niin hyvin. Otin ison riskin, kun kuuden hehtaarin aukko j\u00e4tettiin m\u00e4t\u00e4st\u00e4m\u00e4tt\u00e4 ja taimet istutettiin poralla ehj\u00e4\u00e4n maahan. Isoon aukkoon mahtui rehevi\u00e4 notkoja, karuja kumpareita ja vanhaa suopeltoa. Olen ehdottomasti sit\u00e4 mielt\u00e4, ett\u00e4 kun taimet istutetaan ehj\u00e4\u00e4n maahan, ne ovat paljon paremmassa turvassa, kuin muokatussa maassa. Vuosi oli 2018 ja pitk\u00e4 poutajakso k\u00e4vi hermoille. Mutta kapillaari toimi, syksyll\u00e4 kuolleita taimia oli vaikea l\u00f6yt\u00e4\u00e4.<\/p>\n<\/blockquote>\n","protected":false},"excerpt":{"rendered":"<p>Mini Forest on nuori 2017 perustettu yritys, mutta perustajat ovat jo seniori-ik\u00e4\u00e4n ehtineit\u00e4. Yrityksen perustaminen tuli tarpeelliseksi, kun onnistuimme kehitt\u00e4\u00e4n uuden menetelm\u00e4n mets\u00e4puutaimien istuttamiseen. Akkuteknologian ja akkuporakoneiden kehittyminen tekiv\u00e4t kehitysty\u00f6n mahdolliseksi. Muutos oli todella suuri, sill\u00e4 15 tonnin kaivinkoneen maanmuokkausty\u00f6 tuli tarpeettomaksi. Se korvautui akkuporakoneeseen kiinnitetyn maaporan k\u00e4yt\u00f6ll\u00e4. Muutos oli suuri, mutta niin oli yritt\u00e4jien pettymyskin &#8221;Suomen Mets\u00e4mafian&#8221; t\u00e4ydellisen tyrm\u00e4yksen johdosta. Menetelm\u00e4 ei kelvannut edes koek\u00e4ytt\u00f6\u00f6n. Mutta yksityiset mets\u00e4nomistajat kiinnostuivat ja heilt\u00e4 tullut palaute on ollut todella hyv\u00e4\u00e4 ja kannustavaa. Eik\u00e4 kysymyksess\u00e4 ole ollut ohimenev\u00e4 alkuinnostus, vaan vuosia jatkunut k\u00e4ytt\u00f6. Siit\u00e4 syyst\u00e4 toimintamme ja kehitysty\u00f6mme on jatkunut ja jatkuu edelleen, vaikka muutama &#8221;vuosilusto&#8221; onkin tullut lis\u00e4\u00e4, kuten metsiemme puihinkin. Etujoukot ymp\u00e4ri Suomen ovat jo historiallisen ty\u00f6n tehneet ja hankkineet kokemuksia, joista Sin\u00e4kin p\u00e4\u00e4set nauttimaan, kun siirryt poraistutukseen. Vesa: Istutimme kuusentaimia 2019 hehtaarin aukkoon. Ty\u00f6 alkoi sujua puolentunnin harjoittelun j\u00e4lkeen varsin joutuisasti. Ensimm\u00e4inen vuosi kului taimien kasvua seuraten. Syksyll\u00e4 kiersimme koko alueen, hyv\u00e4lt\u00e4 n\u00e4ytti, vain muutama kuollut taimi l\u00f6ytyi. Varhaisperkaus oli helppo, kun taimen ymp\u00e4rill\u00e4 ei ollutkaan lehtipuu vesaikkoa, kuten aina ennen oli ollut. Nyt taimikko on komea ja korkeampi, kuin min\u00e4. Samuli: Istutimme karuun ja oikein kivikkoiseen rinteeseen yksivuotiaita m\u00e4nnyntaimia 2022. Pora toimi h\u00e4mm\u00e4stytt\u00e4v\u00e4n hyvin. Ohjeen mukaan annoin ter\u00e4n py\u00f6ri\u00e4 2000 kierrosta minuutissa. Poralla oli ihmeellinen kyky hakeutua sellaiseen rakoon, johon reik\u00e4 syntyi ja taimen sai istutettua. Toistaiseksi sorkkael\u00e4imet ovat j\u00e4tt\u00e4neet taimet rauhaa. Mikko: Olen positiivisesti yll\u00e4ttynyt, ett\u00e4 taimeni ovat kehittyneet niin hyvin. Otin ison riskin, kun kuuden hehtaarin aukko j\u00e4tettiin m\u00e4t\u00e4st\u00e4m\u00e4tt\u00e4 ja taimet istutettiin poralla ehj\u00e4\u00e4n maahan. Isoon aukkoon mahtui rehevi\u00e4 notkoja, karuja kumpareita ja vanhaa suopeltoa. Olen ehdottomasti sit\u00e4 mielt\u00e4, ett\u00e4 kun taimet istutetaan ehj\u00e4\u00e4n maahan, ne ovat paljon paremmassa turvassa, kuin muokatussa maassa. Vuosi oli 2018 ja pitk\u00e4 poutajakso k\u00e4vi hermoille. Mutta kapillaari toimi, syksyll\u00e4 kuolleita taimia oli vaikea l\u00f6yt\u00e4\u00e4.<\/p>\n","protected":false},"author":1,"featured_media":0,"parent":0,"menu_order":0,"comment_status":"closed","ping_status":"closed","template":"","meta":{"jetpack_post_was_ever_published":false,"footnotes":""},"class_list":["post-157","page","type-page","status-publish","hentry"],"yoast_head":"<!-- This site is optimized with the Yoast SEO plugin v20.2.1 - https:\/\/yoast.com\/wordpress\/plugins\/seo\/ -->\n<title>Mini Forest - Mini Forest<\/title>\n<meta name=\"robots\" content=\"index, follow, max-snippet:-1, max-image-preview:large, max-video-preview:-1\" \/>\n<link rel=\"canonical\" href=\"https:\/\/www.miniforest.fi\/sivut\/\" \/>\n<meta property=\"og:locale\" content=\"fi_FI\" \/>\n<meta property=\"og:type\" content=\"article\" \/>\n<meta property=\"og:title\" content=\"Mini Forest - Mini Forest\" \/>\n<meta property=\"og:description\" content=\"Mini Forest on nuori 2017 perustettu yritys, mutta perustajat ovat jo seniori-ik\u00e4\u00e4n ehtineit\u00e4. Yrityksen perustaminen tuli tarpeelliseksi, kun onnistuimme kehitt\u00e4\u00e4n uuden menetelm\u00e4n mets\u00e4puutaimien istuttamiseen. Akkuteknologian ja akkuporakoneiden kehittyminen tekiv\u00e4t kehitysty\u00f6n mahdolliseksi. Muutos oli todella suuri, sill\u00e4 15 tonnin kaivinkoneen maanmuokkausty\u00f6 tuli tarpeettomaksi. Se korvautui akkuporakoneeseen kiinnitetyn maaporan k\u00e4yt\u00f6ll\u00e4. Muutos oli suuri, mutta niin oli yritt\u00e4jien pettymyskin &#8221;Suomen Mets\u00e4mafian&#8221; t\u00e4ydellisen tyrm\u00e4yksen johdosta. Menetelm\u00e4 ei kelvannut edes koek\u00e4ytt\u00f6\u00f6n. Mutta yksityiset mets\u00e4nomistajat kiinnostuivat ja heilt\u00e4 tullut palaute on ollut todella hyv\u00e4\u00e4 ja kannustavaa. Eik\u00e4 kysymyksess\u00e4 ole ollut ohimenev\u00e4 alkuinnostus, vaan vuosia jatkunut k\u00e4ytt\u00f6. Siit\u00e4 syyst\u00e4 toimintamme ja kehitysty\u00f6mme on jatkunut ja jatkuu edelleen, vaikka muutama &#8221;vuosilusto&#8221; onkin tullut lis\u00e4\u00e4, kuten metsiemme puihinkin. Etujoukot ymp\u00e4ri Suomen ovat jo historiallisen ty\u00f6n tehneet ja hankkineet kokemuksia, joista Sin\u00e4kin p\u00e4\u00e4set nauttimaan, kun siirryt poraistutukseen. Vesa: Istutimme kuusentaimia 2019 hehtaarin aukkoon. Ty\u00f6 alkoi sujua puolentunnin harjoittelun j\u00e4lkeen varsin joutuisasti. Ensimm\u00e4inen vuosi kului taimien kasvua seuraten. Syksyll\u00e4 kiersimme koko alueen, hyv\u00e4lt\u00e4 n\u00e4ytti, vain muutama kuollut taimi l\u00f6ytyi. Varhaisperkaus oli helppo, kun taimen ymp\u00e4rill\u00e4 ei ollutkaan lehtipuu vesaikkoa, kuten aina ennen oli ollut. Nyt taimikko on komea ja korkeampi, kuin min\u00e4. Samuli: Istutimme karuun ja oikein kivikkoiseen rinteeseen yksivuotiaita m\u00e4nnyntaimia 2022. Pora toimi h\u00e4mm\u00e4stytt\u00e4v\u00e4n hyvin. Ohjeen mukaan annoin ter\u00e4n py\u00f6ri\u00e4 2000 kierrosta minuutissa. Poralla oli ihmeellinen kyky hakeutua sellaiseen rakoon, johon reik\u00e4 syntyi ja taimen sai istutettua. Toistaiseksi sorkkael\u00e4imet ovat j\u00e4tt\u00e4neet taimet rauhaa. Mikko: Olen positiivisesti yll\u00e4ttynyt, ett\u00e4 taimeni ovat kehittyneet niin hyvin. Otin ison riskin, kun kuuden hehtaarin aukko j\u00e4tettiin m\u00e4t\u00e4st\u00e4m\u00e4tt\u00e4 ja taimet istutettiin poralla ehj\u00e4\u00e4n maahan. Isoon aukkoon mahtui rehevi\u00e4 notkoja, karuja kumpareita ja vanhaa suopeltoa. Olen ehdottomasti sit\u00e4 mielt\u00e4, ett\u00e4 kun taimet istutetaan ehj\u00e4\u00e4n maahan, ne ovat paljon paremmassa turvassa, kuin muokatussa maassa. Vuosi oli 2018 ja pitk\u00e4 poutajakso k\u00e4vi hermoille. Mutta kapillaari toimi, syksyll\u00e4 kuolleita taimia oli vaikea l\u00f6yt\u00e4\u00e4.\" \/>\n<meta property=\"og:url\" content=\"https:\/\/www.miniforest.fi\/sivut\/\" \/>\n<meta property=\"og:site_name\" content=\"Mini Forest\" \/>\n<meta property=\"article:modified_time\" content=\"2024-04-18T19:22:30+00:00\" \/>\n<meta name=\"twitter:card\" content=\"summary_large_image\" \/>\n<meta name=\"twitter:label1\" content=\"Arvioitu lukuaika\" \/>\n\t<meta name=\"twitter:data1\" content=\"3 minuuttia\" \/>\n<script type=\"application\/ld+json\" class=\"yoast-schema-graph\">{\"@context\":\"https:\/\/schema.org\",\"@graph\":[{\"@type\":\"WebPage\",\"@id\":\"https:\/\/www.miniforest.fi\/sivut\/\",\"url\":\"https:\/\/www.miniforest.fi\/sivut\/\",\"name\":\"Mini Forest - Mini Forest\",\"isPartOf\":{\"@id\":\"https:\/\/www.miniforest.fi\/sivut\/#website\"},\"datePublished\":\"2024-04-14T20:05:14+00:00\",\"dateModified\":\"2024-04-18T19:22:30+00:00\",\"breadcrumb\":{\"@id\":\"https:\/\/www.miniforest.fi\/sivut\/#breadcrumb\"},\"inLanguage\":\"fi\",\"potentialAction\":[{\"@type\":\"ReadAction\",\"target\":[\"https:\/\/www.miniforest.fi\/sivut\/\"]}]},{\"@type\":\"BreadcrumbList\",\"@id\":\"https:\/\/www.miniforest.fi\/sivut\/#breadcrumb\",\"itemListElement\":[{\"@type\":\"ListItem\",\"position\":1,\"name\":\"Home\",\"item\":\"https:\/\/www.miniforest.fi\/sivut\/\"},{\"@type\":\"ListItem\",\"position\":2,\"name\":\"Mini Forest\"}]},{\"@type\":\"WebSite\",\"@id\":\"https:\/\/www.miniforest.fi\/sivut\/#website\",\"url\":\"https:\/\/www.miniforest.fi\/sivut\/\",\"name\":\"Mini Forest\",\"description\":\"M\u00c4T\u00c4STYKSET HISTORIAAN\",\"potentialAction\":[{\"@type\":\"SearchAction\",\"target\":{\"@type\":\"EntryPoint\",\"urlTemplate\":\"https:\/\/www.miniforest.fi\/sivut\/?s={search_term_string}\"},\"query-input\":\"required name=search_term_string\"}],\"inLanguage\":\"fi\"}]}<\/script>\n<!-- \/ Yoast SEO plugin. -->","yoast_head_json":{"title":"Mini Forest - Mini Forest","robots":{"index":"index","follow":"follow","max-snippet":"max-snippet:-1","max-image-preview":"max-image-preview:large","max-video-preview":"max-video-preview:-1"},"canonical":"https:\/\/www.miniforest.fi\/sivut\/","og_locale":"fi_FI","og_type":"article","og_title":"Mini Forest - Mini Forest","og_description":"Mini Forest on nuori 2017 perustettu yritys, mutta perustajat ovat jo seniori-ik\u00e4\u00e4n ehtineit\u00e4. Yrityksen perustaminen tuli tarpeelliseksi, kun onnistuimme kehitt\u00e4\u00e4n uuden menetelm\u00e4n mets\u00e4puutaimien istuttamiseen. Akkuteknologian ja akkuporakoneiden kehittyminen tekiv\u00e4t kehitysty\u00f6n mahdolliseksi. Muutos oli todella suuri, sill\u00e4 15 tonnin kaivinkoneen maanmuokkausty\u00f6 tuli tarpeettomaksi. Se korvautui akkuporakoneeseen kiinnitetyn maaporan k\u00e4yt\u00f6ll\u00e4. Muutos oli suuri, mutta niin oli yritt\u00e4jien pettymyskin &#8221;Suomen Mets\u00e4mafian&#8221; t\u00e4ydellisen tyrm\u00e4yksen johdosta. Menetelm\u00e4 ei kelvannut edes koek\u00e4ytt\u00f6\u00f6n. Mutta yksityiset mets\u00e4nomistajat kiinnostuivat ja heilt\u00e4 tullut palaute on ollut todella hyv\u00e4\u00e4 ja kannustavaa. Eik\u00e4 kysymyksess\u00e4 ole ollut ohimenev\u00e4 alkuinnostus, vaan vuosia jatkunut k\u00e4ytt\u00f6. Siit\u00e4 syyst\u00e4 toimintamme ja kehitysty\u00f6mme on jatkunut ja jatkuu edelleen, vaikka muutama &#8221;vuosilusto&#8221; onkin tullut lis\u00e4\u00e4, kuten metsiemme puihinkin. Etujoukot ymp\u00e4ri Suomen ovat jo historiallisen ty\u00f6n tehneet ja hankkineet kokemuksia, joista Sin\u00e4kin p\u00e4\u00e4set nauttimaan, kun siirryt poraistutukseen. Vesa: Istutimme kuusentaimia 2019 hehtaarin aukkoon. Ty\u00f6 alkoi sujua puolentunnin harjoittelun j\u00e4lkeen varsin joutuisasti. Ensimm\u00e4inen vuosi kului taimien kasvua seuraten. Syksyll\u00e4 kiersimme koko alueen, hyv\u00e4lt\u00e4 n\u00e4ytti, vain muutama kuollut taimi l\u00f6ytyi. Varhaisperkaus oli helppo, kun taimen ymp\u00e4rill\u00e4 ei ollutkaan lehtipuu vesaikkoa, kuten aina ennen oli ollut. Nyt taimikko on komea ja korkeampi, kuin min\u00e4. Samuli: Istutimme karuun ja oikein kivikkoiseen rinteeseen yksivuotiaita m\u00e4nnyntaimia 2022. Pora toimi h\u00e4mm\u00e4stytt\u00e4v\u00e4n hyvin. Ohjeen mukaan annoin ter\u00e4n py\u00f6ri\u00e4 2000 kierrosta minuutissa. Poralla oli ihmeellinen kyky hakeutua sellaiseen rakoon, johon reik\u00e4 syntyi ja taimen sai istutettua. Toistaiseksi sorkkael\u00e4imet ovat j\u00e4tt\u00e4neet taimet rauhaa. Mikko: Olen positiivisesti yll\u00e4ttynyt, ett\u00e4 taimeni ovat kehittyneet niin hyvin. Otin ison riskin, kun kuuden hehtaarin aukko j\u00e4tettiin m\u00e4t\u00e4st\u00e4m\u00e4tt\u00e4 ja taimet istutettiin poralla ehj\u00e4\u00e4n maahan. Isoon aukkoon mahtui rehevi\u00e4 notkoja, karuja kumpareita ja vanhaa suopeltoa. Olen ehdottomasti sit\u00e4 mielt\u00e4, ett\u00e4 kun taimet istutetaan ehj\u00e4\u00e4n maahan, ne ovat paljon paremmassa turvassa, kuin muokatussa maassa. Vuosi oli 2018 ja pitk\u00e4 poutajakso k\u00e4vi hermoille. Mutta kapillaari toimi, syksyll\u00e4 kuolleita taimia oli vaikea l\u00f6yt\u00e4\u00e4.","og_url":"https:\/\/www.miniforest.fi\/sivut\/","og_site_name":"Mini Forest","article_modified_time":"2024-04-18T19:22:30+00:00","twitter_card":"summary_large_image","twitter_misc":{"Arvioitu lukuaika":"3 minuuttia"},"schema":{"@context":"https:\/\/schema.org","@graph":[{"@type":"WebPage","@id":"https:\/\/www.miniforest.fi\/sivut\/","url":"https:\/\/www.miniforest.fi\/sivut\/","name":"Mini Forest - Mini Forest","isPartOf":{"@id":"https:\/\/www.miniforest.fi\/sivut\/#website"},"datePublished":"2024-04-14T20:05:14+00:00","dateModified":"2024-04-18T19:22:30+00:00","breadcrumb":{"@id":"https:\/\/www.miniforest.fi\/sivut\/#breadcrumb"},"inLanguage":"fi","potentialAction":[{"@type":"ReadAction","target":["https:\/\/www.miniforest.fi\/sivut\/"]}]},{"@type":"BreadcrumbList","@id":"https:\/\/www.miniforest.fi\/sivut\/#breadcrumb","itemListElement":[{"@type":"ListItem","position":1,"name":"Home","item":"https:\/\/www.miniforest.fi\/sivut\/"},{"@type":"ListItem","position":2,"name":"Mini Forest"}]},{"@type":"WebSite","@id":"https:\/\/www.miniforest.fi\/sivut\/#website","url":"https:\/\/www.miniforest.fi\/sivut\/","name":"Mini Forest","description":"M\u00c4T\u00c4STYKSET HISTORIAAN","potentialAction":[{"@type":"SearchAction","target":{"@type":"EntryPoint","urlTemplate":"https:\/\/www.miniforest.fi\/sivut\/?s={search_term_string}"},"query-input":"required name=search_term_string"}],"inLanguage":"fi"}]}},"jetpack-related-posts":[{"id":147,"url":"https:\/\/www.miniforest.fi\/sivut\/hinnasto\/","url_meta":{"origin":157,"position":0},"title":"Tuotteet ja hinnasto","date":"12.4.2024","format":false,"excerpt":"HintaAlvHinta Alv 25,5%Mini Forest maapora 48 mm80,00\u20ac20,40\u20ac100,40\u20acMini Forest Taimitarrain80,00\u20ac20,40\u20ac100,40\u20acMini Forest Varpupiiskuri19,00\u20ac4,84\u20ac23,84\u20acPostimaksu ja l\u00e4hetys17,00\u20ac4,34\u20ac21,34\u20acMaksettava hinta yhteens\u00e4196,00\u20ac49,98\u20ac245,98\u20acT\u00e4m\u00e4 on peruspaketti, jolla p\u00e4\u00e4set hyv\u00e4\u00e4n alkuunMini Forest maapora 60 mm100,00\u20ac25,50\u20ac125,50\u20acMaxipaketti = peruspaketti johon lis\u00e4t\u00e4\u00e4n isoporaMaksettava hinta yhteens\u00e4:296,00\u20ac75,48\u20ac371,48\u20ac Taimitarrain kuuluu oleellisena osana poraistutukseen. Tarraimen tartunta elimet ( L muotoiset liuskat) suojaavat taimipaakkua, kunpaakku ty\u00f6nnet\u00e4\u00e4n porareik\u00e4\u00e4n. Porarei\u00e4ss\u00e4\u2026","rel":"","context":"Samankaltainen artikkeli","img":{"alt_text":"","src":"https:\/\/i0.wp.com\/www.miniforest.fi\/sivut\/wp-content\/uploads\/2019\/03\/pora_netti.jpg?resize=350%2C200&ssl=1","width":350,"height":200},"classes":[]},{"id":2,"url":"https:\/\/www.miniforest.fi\/sivut\/hyvat-kollegat\/","url_meta":{"origin":157,"position":1},"title":"Hyv\u00e4t kollegat!","date":"21.3.2019","format":false,"excerpt":"Meit\u00e4 ei voida en\u00e4\u00e4 lain voimalla pakottaa, mutta suosituksin yh\u00e4 yritet\u00e4\u00e4n yllytt\u00e4\u00e4, avohakkuita ja maanmuokkauksia tekem\u00e4\u00e4n. Meid\u00e4n pit\u00e4\u00e4 perehty\u00e4 metsiemme ekologiaan, ett\u00e4 tied\u00e4mme miksi niit\u00e4 tulee v\u00e4ltt\u00e4\u00e4. \u201dKokonainen maailmankaikkeus piilee metsiemme maaper\u00e4ss\u00e4\u201d, sanoo er\u00e4s mets\u00e4maatieteen tutkija. Tutkittua tietoa emme helposti saa, mutta voimme lukea esimerkiksi kirjan\u00a0Mets\u00e4n salainen el\u00e4m\u00e4.\u00a0Sen j\u00e4lkeen aika\u2026","rel":"","context":"Samankaltainen artikkeli","img":{"alt_text":"","src":"","width":0,"height":0},"classes":[]},{"id":142,"url":"https:\/\/www.miniforest.fi\/sivut\/suomen-metsamafia\/","url_meta":{"origin":157,"position":2},"title":"Suomen Mets\u00e4mafia!","date":"12.4.2024","format":false,"excerpt":"Mets\u00e4nhoidon suositukset valmistellaan laajassa yhteisty\u00f6ss\u00e4 mets\u00e4-, ymp\u00e4rist\u00f6- ja ilmasto-alan toimijoiden kanssa. Ty\u00f6t\u00e4 luotsaavat korkean tason johtoryhm\u00e4 ja laaja-alainen ohjausryhm\u00e4. Johto- ja ohjausryhm\u00e4ty\u00f6ss\u00e4 on edustettuna noin 30 organisaatiota. Tapio koordinoi mets\u00e4nhoidon suositusten valmistelua ja yll\u00e4pitoa. T\u00e4m\u00e4 on se Suomen \"mets\u00e4mafia\", joka v\u00e4h\u00e4t v\u00e4litt\u00e4\u00e4 mets\u00e4maaper\u00e4tutkijoiden tutkimustuloksista, eik\u00e4 maaper\u00e4n \u00f6t\u00f6k\u00f6iden joukkoteurastukseen n\u00e4yt\u00e4 muutosta\u2026","rel":"","context":"Samankaltainen artikkeli","img":{"alt_text":"","src":"https:\/\/i0.wp.com\/www.miniforest.fi\/sivut\/wp-content\/uploads\/2024\/04\/MHS-jory-ohry-logot-210823.jpg?resize=350%2C200&ssl=1","width":350,"height":200},"classes":[]}],"jetpack_sharing_enabled":true,"jetpack_shortlink":"https:\/\/wp.me\/PaQ3V6-2x","acf":[],"_links":{"self":[{"href":"https:\/\/www.miniforest.fi\/sivut\/wp-json\/wp\/v2\/pages\/157","targetHints":{"allow":["GET"]}}],"collection":[{"href":"https:\/\/www.miniforest.fi\/sivut\/wp-json\/wp\/v2\/pages"}],"about":[{"href":"https:\/\/www.miniforest.fi\/sivut\/wp-json\/wp\/v2\/types\/page"}],"author":[{"embeddable":true,"href":"https:\/\/www.miniforest.fi\/sivut\/wp-json\/wp\/v2\/users\/1"}],"replies":[{"embeddable":true,"href":"https:\/\/www.miniforest.fi\/sivut\/wp-json\/wp\/v2\/comments?post=157"}],"version-history":[{"count":6,"href":"https:\/\/www.miniforest.fi\/sivut\/wp-json\/wp\/v2\/pages\/157\/revisions"}],"predecessor-version":[{"id":176,"href":"https:\/\/www.miniforest.fi\/sivut\/wp-json\/wp\/v2\/pages\/157\/revisions\/176"}],"wp:attachment":[{"href":"https:\/\/www.miniforest.fi\/sivut\/wp-json\/wp\/v2\/media?parent=157"}],"curies":[{"name":"wp","href":"https:\/\/api.w.org\/{rel}","templated":true}]}}