{"id":180,"date":"2024-06-04T13:36:26","date_gmt":"2024-06-04T13:36:26","guid":{"rendered":"https:\/\/www.miniforest.fi\/sivut\/?page_id=180"},"modified":"2024-06-04T13:36:29","modified_gmt":"2024-06-04T13:36:29","slug":"metsamaan-otokoita","status":"publish","type":"page","link":"https:\/\/www.miniforest.fi\/sivut\/metsamaan-otokoita\/","title":{"rendered":"Mets\u00e4maan \u00f6t\u00f6k\u00f6it\u00e4"},"content":{"rendered":"\n<p>Piirroksen \u00f6t\u00f6k\u00f6ist\u00e4 osa on luonnollisessa koossa, pienimm\u00e4t monikymmenkertaisina suurennoksina. Jokaisella on oma t\u00e4rke\u00e4 teht\u00e4v\u00e4ns\u00e4. Ei voida m\u00e4\u00e4ritell\u00e4 hyviksi\u00e4 ja pahiksia. Populaatioiden koot vaihtelevat. Yhdell\u00e4 neli\u00f6metrill\u00e4 suurempia voi olla vain muutama yksil\u00f6, pienempi\u00e4 satojatuhansia. Kaikkein pienimm\u00e4t 0,1 \u2013 0, jotakin millimetri\u00e4 hahmotamme parhaiten, kun katsomme iltapime\u00e4\u00e4 t\u00e4htitaivasta. Piirroksen kaikkia ot\u00f6k\u00f6it\u00e4 toistaiseksi Suomen metsist\u00e4 l\u00f6ytyy, mutta kuinka kauan. Minne ovat kadonneet esimerkiksi kekomuurahaiset? Nuorista metsist\u00e4 niit\u00e4 hyvin niukasti l\u00f6ytyy. Varmasti paljon muitakin on h\u00e4vi\u00e4m\u00e4ss\u00e4. Aiheuttajan tied\u00e4mme, sen totaalisen pahiksen,- &#8211; &#8211; &#8211; ihmisen.<\/p>\n\n\n\n<figure class=\"wp-block-image size-large\"><img loading=\"lazy\" decoding=\"async\" width=\"1024\" height=\"791\" data-attachment-id=\"181\" data-permalink=\"https:\/\/www.miniforest.fi\/sivut\/metsamaan-otokoita\/otokkakuva\/\" data-orig-file=\"https:\/\/www.miniforest.fi\/sivut\/wp-content\/uploads\/2024\/06\/otokkakuva.jpg\" data-orig-size=\"1650,1275\" data-comments-opened=\"1\" data-image-meta=\"{&quot;aperture&quot;:&quot;0&quot;,&quot;credit&quot;:&quot;&quot;,&quot;camera&quot;:&quot;&quot;,&quot;caption&quot;:&quot;&quot;,&quot;created_timestamp&quot;:&quot;0&quot;,&quot;copyright&quot;:&quot;&quot;,&quot;focal_length&quot;:&quot;0&quot;,&quot;iso&quot;:&quot;0&quot;,&quot;shutter_speed&quot;:&quot;0&quot;,&quot;title&quot;:&quot;&quot;,&quot;orientation&quot;:&quot;0&quot;}\" data-image-title=\"otokkakuva\" data-image-description=\"\" data-image-caption=\"\" data-medium-file=\"https:\/\/www.miniforest.fi\/sivut\/wp-content\/uploads\/2024\/06\/otokkakuva-300x232.jpg\" data-large-file=\"https:\/\/www.miniforest.fi\/sivut\/wp-content\/uploads\/2024\/06\/otokkakuva-1024x791.jpg\" src=\"https:\/\/www.miniforest.fi\/sivut\/wp-content\/uploads\/2024\/06\/otokkakuva-1024x791.jpg\" alt=\"\" class=\"wp-image-181\" srcset=\"https:\/\/www.miniforest.fi\/sivut\/wp-content\/uploads\/2024\/06\/otokkakuva-1024x791.jpg 1024w, https:\/\/www.miniforest.fi\/sivut\/wp-content\/uploads\/2024\/06\/otokkakuva-300x232.jpg 300w, https:\/\/www.miniforest.fi\/sivut\/wp-content\/uploads\/2024\/06\/otokkakuva-768x593.jpg 768w, https:\/\/www.miniforest.fi\/sivut\/wp-content\/uploads\/2024\/06\/otokkakuva-1536x1187.jpg 1536w, https:\/\/www.miniforest.fi\/sivut\/wp-content\/uploads\/2024\/06\/otokkakuva-1160x896.jpg 1160w, https:\/\/www.miniforest.fi\/sivut\/wp-content\/uploads\/2024\/06\/otokkakuva.jpg 1650w\" sizes=\"auto, (max-width: 1024px) 100vw, 1024px\" \/><\/figure>\n","protected":false},"excerpt":{"rendered":"<p>Piirroksen \u00f6t\u00f6k\u00f6ist\u00e4 osa on luonnollisessa koossa, pienimm\u00e4t monikymmenkertaisina suurennoksina. Jokaisella on oma t\u00e4rke\u00e4 teht\u00e4v\u00e4ns\u00e4. Ei voida m\u00e4\u00e4ritell\u00e4 hyviksi\u00e4 ja pahiksia. Populaatioiden koot vaihtelevat. Yhdell\u00e4 neli\u00f6metrill\u00e4 suurempia voi olla vain muutama yksil\u00f6, pienempi\u00e4 satojatuhansia. Kaikkein pienimm\u00e4t 0,1 \u2013 0, jotakin millimetri\u00e4 hahmotamme parhaiten, kun katsomme iltapime\u00e4\u00e4 t\u00e4htitaivasta. Piirroksen kaikkia ot\u00f6k\u00f6it\u00e4 toistaiseksi Suomen metsist\u00e4 l\u00f6ytyy, mutta kuinka kauan. Minne ovat kadonneet esimerkiksi kekomuurahaiset? Nuorista metsist\u00e4 niit\u00e4 hyvin niukasti l\u00f6ytyy. Varmasti paljon muitakin on h\u00e4vi\u00e4m\u00e4ss\u00e4. Aiheuttajan tied\u00e4mme, sen totaalisen pahiksen,- &#8211; &#8211; &#8211; ihmisen.<\/p>\n","protected":false},"author":1,"featured_media":0,"parent":0,"menu_order":0,"comment_status":"closed","ping_status":"closed","template":"","meta":{"jetpack_post_was_ever_published":false,"footnotes":""},"class_list":["post-180","page","type-page","status-publish","hentry"],"yoast_head":"<!-- This site is optimized with the Yoast SEO plugin v20.2.1 - https:\/\/yoast.com\/wordpress\/plugins\/seo\/ -->\n<title>Mets\u00e4maan \u00f6t\u00f6k\u00f6it\u00e4 - Mini Forest<\/title>\n<meta name=\"robots\" content=\"index, follow, max-snippet:-1, max-image-preview:large, max-video-preview:-1\" \/>\n<link rel=\"canonical\" href=\"https:\/\/www.miniforest.fi\/sivut\/metsamaan-otokoita\/\" \/>\n<meta property=\"og:locale\" content=\"fi_FI\" \/>\n<meta property=\"og:type\" content=\"article\" \/>\n<meta property=\"og:title\" content=\"Mets\u00e4maan \u00f6t\u00f6k\u00f6it\u00e4 - Mini Forest\" \/>\n<meta property=\"og:description\" content=\"Piirroksen \u00f6t\u00f6k\u00f6ist\u00e4 osa on luonnollisessa koossa, pienimm\u00e4t monikymmenkertaisina suurennoksina. Jokaisella on oma t\u00e4rke\u00e4 teht\u00e4v\u00e4ns\u00e4. Ei voida m\u00e4\u00e4ritell\u00e4 hyviksi\u00e4 ja pahiksia. Populaatioiden koot vaihtelevat. Yhdell\u00e4 neli\u00f6metrill\u00e4 suurempia voi olla vain muutama yksil\u00f6, pienempi\u00e4 satojatuhansia. Kaikkein pienimm\u00e4t 0,1 \u2013 0, jotakin millimetri\u00e4 hahmotamme parhaiten, kun katsomme iltapime\u00e4\u00e4 t\u00e4htitaivasta. Piirroksen kaikkia ot\u00f6k\u00f6it\u00e4 toistaiseksi Suomen metsist\u00e4 l\u00f6ytyy, mutta kuinka kauan. Minne ovat kadonneet esimerkiksi kekomuurahaiset? Nuorista metsist\u00e4 niit\u00e4 hyvin niukasti l\u00f6ytyy. Varmasti paljon muitakin on h\u00e4vi\u00e4m\u00e4ss\u00e4. Aiheuttajan tied\u00e4mme, sen totaalisen pahiksen,- &#8211; &#8211; &#8211; ihmisen.\" \/>\n<meta property=\"og:url\" content=\"https:\/\/www.miniforest.fi\/sivut\/metsamaan-otokoita\/\" \/>\n<meta property=\"og:site_name\" content=\"Mini Forest\" \/>\n<meta property=\"article:modified_time\" content=\"2024-06-04T13:36:29+00:00\" \/>\n<meta property=\"og:image\" content=\"https:\/\/www.miniforest.fi\/sivut\/wp-content\/uploads\/2024\/06\/otokkakuva-1024x791.jpg\" \/>\n<meta name=\"twitter:card\" content=\"summary_large_image\" \/>\n<meta name=\"twitter:label1\" content=\"Arvioitu lukuaika\" \/>\n\t<meta name=\"twitter:data1\" content=\"1 minuutti\" \/>\n<script type=\"application\/ld+json\" class=\"yoast-schema-graph\">{\"@context\":\"https:\/\/schema.org\",\"@graph\":[{\"@type\":\"WebPage\",\"@id\":\"https:\/\/www.miniforest.fi\/sivut\/metsamaan-otokoita\/\",\"url\":\"https:\/\/www.miniforest.fi\/sivut\/metsamaan-otokoita\/\",\"name\":\"Mets\u00e4maan \u00f6t\u00f6k\u00f6it\u00e4 - Mini Forest\",\"isPartOf\":{\"@id\":\"https:\/\/www.miniforest.fi\/sivut\/#website\"},\"datePublished\":\"2024-06-04T13:36:26+00:00\",\"dateModified\":\"2024-06-04T13:36:29+00:00\",\"breadcrumb\":{\"@id\":\"https:\/\/www.miniforest.fi\/sivut\/metsamaan-otokoita\/#breadcrumb\"},\"inLanguage\":\"fi\",\"potentialAction\":[{\"@type\":\"ReadAction\",\"target\":[\"https:\/\/www.miniforest.fi\/sivut\/metsamaan-otokoita\/\"]}]},{\"@type\":\"BreadcrumbList\",\"@id\":\"https:\/\/www.miniforest.fi\/sivut\/metsamaan-otokoita\/#breadcrumb\",\"itemListElement\":[{\"@type\":\"ListItem\",\"position\":1,\"name\":\"Home\",\"item\":\"https:\/\/www.miniforest.fi\/sivut\/\"},{\"@type\":\"ListItem\",\"position\":2,\"name\":\"Mets\u00e4maan \u00f6t\u00f6k\u00f6it\u00e4\"}]},{\"@type\":\"WebSite\",\"@id\":\"https:\/\/www.miniforest.fi\/sivut\/#website\",\"url\":\"https:\/\/www.miniforest.fi\/sivut\/\",\"name\":\"Mini Forest\",\"description\":\"M\u00c4T\u00c4STYKSET HISTORIAAN\",\"potentialAction\":[{\"@type\":\"SearchAction\",\"target\":{\"@type\":\"EntryPoint\",\"urlTemplate\":\"https:\/\/www.miniforest.fi\/sivut\/?s={search_term_string}\"},\"query-input\":\"required name=search_term_string\"}],\"inLanguage\":\"fi\"}]}<\/script>\n<!-- \/ Yoast SEO plugin. -->","yoast_head_json":{"title":"Mets\u00e4maan \u00f6t\u00f6k\u00f6it\u00e4 - Mini Forest","robots":{"index":"index","follow":"follow","max-snippet":"max-snippet:-1","max-image-preview":"max-image-preview:large","max-video-preview":"max-video-preview:-1"},"canonical":"https:\/\/www.miniforest.fi\/sivut\/metsamaan-otokoita\/","og_locale":"fi_FI","og_type":"article","og_title":"Mets\u00e4maan \u00f6t\u00f6k\u00f6it\u00e4 - Mini Forest","og_description":"Piirroksen \u00f6t\u00f6k\u00f6ist\u00e4 osa on luonnollisessa koossa, pienimm\u00e4t monikymmenkertaisina suurennoksina. Jokaisella on oma t\u00e4rke\u00e4 teht\u00e4v\u00e4ns\u00e4. Ei voida m\u00e4\u00e4ritell\u00e4 hyviksi\u00e4 ja pahiksia. Populaatioiden koot vaihtelevat. Yhdell\u00e4 neli\u00f6metrill\u00e4 suurempia voi olla vain muutama yksil\u00f6, pienempi\u00e4 satojatuhansia. Kaikkein pienimm\u00e4t 0,1 \u2013 0, jotakin millimetri\u00e4 hahmotamme parhaiten, kun katsomme iltapime\u00e4\u00e4 t\u00e4htitaivasta. Piirroksen kaikkia ot\u00f6k\u00f6it\u00e4 toistaiseksi Suomen metsist\u00e4 l\u00f6ytyy, mutta kuinka kauan. Minne ovat kadonneet esimerkiksi kekomuurahaiset? Nuorista metsist\u00e4 niit\u00e4 hyvin niukasti l\u00f6ytyy. Varmasti paljon muitakin on h\u00e4vi\u00e4m\u00e4ss\u00e4. Aiheuttajan tied\u00e4mme, sen totaalisen pahiksen,- &#8211; &#8211; &#8211; ihmisen.","og_url":"https:\/\/www.miniforest.fi\/sivut\/metsamaan-otokoita\/","og_site_name":"Mini Forest","article_modified_time":"2024-06-04T13:36:29+00:00","og_image":[{"url":"https:\/\/www.miniforest.fi\/sivut\/wp-content\/uploads\/2024\/06\/otokkakuva-1024x791.jpg"}],"twitter_card":"summary_large_image","twitter_misc":{"Arvioitu lukuaika":"1 minuutti"},"schema":{"@context":"https:\/\/schema.org","@graph":[{"@type":"WebPage","@id":"https:\/\/www.miniforest.fi\/sivut\/metsamaan-otokoita\/","url":"https:\/\/www.miniforest.fi\/sivut\/metsamaan-otokoita\/","name":"Mets\u00e4maan \u00f6t\u00f6k\u00f6it\u00e4 - Mini Forest","isPartOf":{"@id":"https:\/\/www.miniforest.fi\/sivut\/#website"},"datePublished":"2024-06-04T13:36:26+00:00","dateModified":"2024-06-04T13:36:29+00:00","breadcrumb":{"@id":"https:\/\/www.miniforest.fi\/sivut\/metsamaan-otokoita\/#breadcrumb"},"inLanguage":"fi","potentialAction":[{"@type":"ReadAction","target":["https:\/\/www.miniforest.fi\/sivut\/metsamaan-otokoita\/"]}]},{"@type":"BreadcrumbList","@id":"https:\/\/www.miniforest.fi\/sivut\/metsamaan-otokoita\/#breadcrumb","itemListElement":[{"@type":"ListItem","position":1,"name":"Home","item":"https:\/\/www.miniforest.fi\/sivut\/"},{"@type":"ListItem","position":2,"name":"Mets\u00e4maan \u00f6t\u00f6k\u00f6it\u00e4"}]},{"@type":"WebSite","@id":"https:\/\/www.miniforest.fi\/sivut\/#website","url":"https:\/\/www.miniforest.fi\/sivut\/","name":"Mini Forest","description":"M\u00c4T\u00c4STYKSET HISTORIAAN","potentialAction":[{"@type":"SearchAction","target":{"@type":"EntryPoint","urlTemplate":"https:\/\/www.miniforest.fi\/sivut\/?s={search_term_string}"},"query-input":"required name=search_term_string"}],"inLanguage":"fi"}]}},"jetpack-related-posts":[{"id":2,"url":"https:\/\/www.miniforest.fi\/sivut\/hyvat-kollegat\/","url_meta":{"origin":180,"position":0},"title":"Hyv\u00e4t kollegat!","date":"21.3.2019","format":false,"excerpt":"Meit\u00e4 ei voida en\u00e4\u00e4 lain voimalla pakottaa, mutta suosituksin yh\u00e4 yritet\u00e4\u00e4n yllytt\u00e4\u00e4, avohakkuita ja maanmuokkauksia tekem\u00e4\u00e4n. Meid\u00e4n pit\u00e4\u00e4 perehty\u00e4 metsiemme ekologiaan, ett\u00e4 tied\u00e4mme miksi niit\u00e4 tulee v\u00e4ltt\u00e4\u00e4. \u201dKokonainen maailmankaikkeus piilee metsiemme maaper\u00e4ss\u00e4\u201d, sanoo er\u00e4s mets\u00e4maatieteen tutkija. Tutkittua tietoa emme helposti saa, mutta voimme lukea esimerkiksi kirjan\u00a0Mets\u00e4n salainen el\u00e4m\u00e4.\u00a0Sen j\u00e4lkeen aika\u2026","rel":"","context":"Samankaltainen artikkeli","img":{"alt_text":"","src":"","width":0,"height":0},"classes":[]},{"id":142,"url":"https:\/\/www.miniforest.fi\/sivut\/suomen-metsamafia\/","url_meta":{"origin":180,"position":1},"title":"Suomen Mets\u00e4mafia!","date":"12.4.2024","format":false,"excerpt":"Mets\u00e4nhoidon suositukset valmistellaan laajassa yhteisty\u00f6ss\u00e4 mets\u00e4-, ymp\u00e4rist\u00f6- ja ilmasto-alan toimijoiden kanssa. Ty\u00f6t\u00e4 luotsaavat korkean tason johtoryhm\u00e4 ja laaja-alainen ohjausryhm\u00e4. Johto- ja ohjausryhm\u00e4ty\u00f6ss\u00e4 on edustettuna noin 30 organisaatiota. Tapio koordinoi mets\u00e4nhoidon suositusten valmistelua ja yll\u00e4pitoa. T\u00e4m\u00e4 on se Suomen \"mets\u00e4mafia\", joka v\u00e4h\u00e4t v\u00e4litt\u00e4\u00e4 mets\u00e4maaper\u00e4tutkijoiden tutkimustuloksista, eik\u00e4 maaper\u00e4n \u00f6t\u00f6k\u00f6iden joukkoteurastukseen n\u00e4yt\u00e4 muutosta\u2026","rel":"","context":"Samankaltainen artikkeli","img":{"alt_text":"","src":"https:\/\/i0.wp.com\/www.miniforest.fi\/sivut\/wp-content\/uploads\/2024\/04\/MHS-jory-ohry-logot-210823.jpg?resize=350%2C200&ssl=1","width":350,"height":200},"classes":[]}],"jetpack_sharing_enabled":true,"jetpack_shortlink":"https:\/\/wp.me\/PaQ3V6-2U","acf":[],"_links":{"self":[{"href":"https:\/\/www.miniforest.fi\/sivut\/wp-json\/wp\/v2\/pages\/180","targetHints":{"allow":["GET"]}}],"collection":[{"href":"https:\/\/www.miniforest.fi\/sivut\/wp-json\/wp\/v2\/pages"}],"about":[{"href":"https:\/\/www.miniforest.fi\/sivut\/wp-json\/wp\/v2\/types\/page"}],"author":[{"embeddable":true,"href":"https:\/\/www.miniforest.fi\/sivut\/wp-json\/wp\/v2\/users\/1"}],"replies":[{"embeddable":true,"href":"https:\/\/www.miniforest.fi\/sivut\/wp-json\/wp\/v2\/comments?post=180"}],"version-history":[{"count":1,"href":"https:\/\/www.miniforest.fi\/sivut\/wp-json\/wp\/v2\/pages\/180\/revisions"}],"predecessor-version":[{"id":182,"href":"https:\/\/www.miniforest.fi\/sivut\/wp-json\/wp\/v2\/pages\/180\/revisions\/182"}],"wp:attachment":[{"href":"https:\/\/www.miniforest.fi\/sivut\/wp-json\/wp\/v2\/media?parent=180"}],"curies":[{"name":"wp","href":"https:\/\/api.w.org\/{rel}","templated":true}]}}